t common divisor of j and 4?
4
Suppose 97*l - 126144 = l. What is the highest common divisor of l and 288?
18
Suppose -3*l + 4*b = 2*b, -b + 11 = 4*l. Suppose 4*p - 208 = -4*i, p = 4*p - l*i - 131. Let c = -37 + p. What is the greatest common factor of c and 80?
10
Suppose 632 = 4*u + 5*t - 801, 0 = -3*u - t + 1061. Calculate the greatest common divisor of u and 96.
32
Let m = -110 + 283. Suppose 61 = -4*g + m. Let w = 8 + g. Calculate the highest common divisor of w and 4.
4
Suppose -3*o - 227 - 173 = -4*v, 0 = -5*o. Let z be (v/(-15))/(1*(-2)/30). What is the greatest common factor of z and 40?
20
Let c(u) = 41*u - 21. Let d be c(-4). Let j = -161 - d. What is the greatest common divisor of j and 40?
8
Let t be ((-9)/(270/(-2360)))/((-1)/(-6)). What is the highest common factor of t and 767?
59
Suppose 0 = 38*i - 34*i - 256. Calculate the highest common divisor of i and 6176.
32
Let z = 398 - -242. Suppose -3*p - 150 + 194 = -2*q, 3*p - 12*q = -36. What is the highest common divisor of z and p?
20
Suppose -38*r - 46 + 6430 = -14*r. What is the greatest common divisor of r and 4902?
38
Let v = -6835 - -6864. Calculate the highest common factor of 4814 and v.
29
Suppose -571 = -17*k - 61. Let w be 417/5 + (-12)/k. Calculate the highest common divisor of 166 and w.
83
Let o = -605 + 893. Let t = -576476 + 576692. Calculate the highest common divisor of o and t.
72
Suppose -2*m = l - 5 - 2, 3*m = -4*l + 3. Suppose -f - m = -76. Suppose f = 4*z + 7. Calculate the highest common factor of 8 and z.
8
Let g(c) = 2*c**2 - 147*c + 424. Let s be g(72). What is the highest common factor of s and 169?
13
Let k = 241 + -52. Let v(p) = -3*p - 40. Let x be v(-16). Suppose 5*b + x - 143 = 0. What is the greatest common divisor of b and k?
27
Let t = 295 - 113. Let g = t + -130. Calculate the highest common factor of 6 and g.
2
Suppose 94*x - 230*x = -7616. Calculate the highest common divisor of x and 3.
1
Let j(s) = -6*s - 4. Suppose 0 = -11*t + 8*t - 6. Let h be j(t). What is the greatest common factor of 88 and h?
8
Let x = 36001 + -29680. What is the highest common divisor of 735 and x?
147
Let b(h) = 1177*h**2 + 26*h - 22. Let s be b(3). What is the greatest common divisor of 92 and s?
23
Let m be (18*-18)/(-6) + 7. Suppose 184 + m = 5*a. What is the highest common factor of a and 21?
7
Let c = 29 + 10. Let n be 2/3 + 6*132/27. Let u = c - n. What is the greatest common divisor of u and 36?
9
Let y be 717474/2561 - 2/13. What is the greatest common factor of y and 5440?
40
Let c = 74 - 134. Let s = 86 + c. Suppose -z + s = 3*d, 7*d - z = 2*d + 54. What is the greatest common factor of 40 and d?
10
Let i = -22 + 75. Let y = i + -50. Suppose s - c - 40 = 0, 0 = -y*s + s - 3*c + 90. What is the greatest common divisor of s and 21?
21
Let g be (1*2)/(10/1545). Suppose 141*p - 139*p = -12, p + 216 = 5*d. Suppose g = 13*f - d. What is the greatest common divisor of f and 216?
27
Let x(h) = h**2 + 22*h + 85. Let p be x(-17). Suppose p = -2*w + 184 + 120. What is the highest common factor of w and 24?
8
Suppose 35 = 5*f, 0 = -2*m + 2*f + 1146 + 2552. What is the highest common factor of m and 812?
116
Let u = 6263 + -6243. Let a(w) = w. Let n be a(4). What is the highest common divisor of u and n?
4
Suppose -9*x - 2378 + 308 = -124*x. Calculate the highest common divisor of x and 48.
6
Let n = -224 - -235. Let r(w) = 26*w - 31. Let a be r(n). What is the greatest common divisor of a and 15?
15
Suppose 0 = -243*c + 255*c - 600. What is the highest common factor of c and 12300?
50
Let l = -7147 - -7149. Calculate the greatest common divisor of 325 and l.
1
Let s(v) = 19*v**3 - 3*v**2 + 133*v - 1197. Let b be s(9). What is the highest common factor of b and 81?
81
Suppose 0 = -222*r - 134*r + 74048. What is the highest common factor of r and 1616?
16
Let l = 57748 + -29732. Calculate the highest common divisor of l and 272.
272
Let j(w) = -1535*w - 1940. Let u be j(-3). What is the highest common factor of u and 820?
205
Suppose -41 = 5*f - 56. Suppose -f*z + 411 = -762. Calculate the highest common divisor of 17 and z.
17
Let q(l) = -21*l + 26. Let g be q(-7). Let x = g + -157. Calculate the highest common divisor of x and 320.
16
Suppose -5*c = -246 + 106. What is the greatest common divisor of c and 77?
7
Let h(d) = -d + 27. Let v be h(-13). Suppose 0*s + 4*y = -4*s - v, -3*s = y + 34. Let x = 17 + s. Calculate the greatest common factor of x and 5.
5
Let j be (1353/(-22))/(((-156)/104)/(34 + -1)). Calculate the highest common divisor of 44 and j.
11
Let j(u) = -u**3 + 35*u**2 - 77*u + 16. Let b be j(33). Let q = -222 - b. Suppose 7*c - 100 = 3*c. What is the greatest common factor of c and q?
25
Suppose -106050 = -103*o - 47*o. What is the greatest common factor of o and 14?
7
Suppose 4*n - 68 = 4*l, l + 97 = -n + 6*n. Let f be -3 - (-2 + 3 + -122). Let b be f/3 - 2/(-3). Calculate the highest common divisor of b and n.
20
Let o be (-4 - 1)/(4/(-20)). Let y be (o/20 + -2)/(2/(-80)). Calculate the greatest common factor of y and 195.
15
Suppose 4*c + 56 = 96. Suppose -b = -3*b - 4*p + 20, -b + c = p. Suppose 12*i = -b + 58. What is the greatest common factor of i and 40?
4
Let s(o) = -5*o**2 + 39*o + 2. Let y be s(6). Suppose -1254 = -3*l - 2*l + 2*i, -3*i + 513 = 2*l. Calculate the highest common factor of y and l.
28
Let q(l) = 1677*l + 1173. Let f be q(4). What is the greatest common divisor of f and 74?
37
Let w be (3 - 4)*(-9 - -6) - -5. What is the greatest common divisor of 5968 and w?
8
Let f = 75795 - 53465. Calculate the greatest common factor of 110 and f.
110
Suppose 0 = -5*o - 0*o + 45. Suppose -o*v = 22 - 67. Suppose -v*d - r = -168, 2*r + 0*r = 4*d - 140. Calculate the greatest common divisor of 119 and d.
17
Suppose -851 + 8978 = 43*r. Calculate the greatest common factor of r and 105.
21
Suppose 0*x + 9*x - 153 = 0. Suppose 15*r - x*r + 20 = 0. Suppose 2*q = -2*q + 220. Calculate the highest common factor of q and r.
5
Let i = -6067 - -11002. What is the highest common divisor of 21 and i?
21
Let h be (-2464)/140*4/((-24)/15). Let l(z) = 4*z**2 + 11*z - 5. Let d be l(-9). What is the highest common divisor of h and d?
44
Let l be (-2 - 217) + -5 + -2. Let z be (9/3)/(l/38 + 6). What is the highest common divisor of z and 456?
57
Let x(o) = -2*o**2 + 37*o + 363. Let m be x(-7). Suppose 4*c - 30 = c. Calculate the highest common divisor of c and m.
2
Let l be (-177)/6*(-9 - -11). Let t = l - -64. Suppose 9*j - 192 = t*j. Calculate the greatest common factor of j and 64.
16
Suppose -5*x = -8*h + 4*h + 229, 2*x = h - 61. Let n = h - 46. Suppose -n*o - 5*g = -225, 0 = -g - g + 6. Calculate the greatest common factor of 14 and o.
14
Suppose -63*a + 65*a = j - 44, -5*j - 2*a + 196 = 0. What is the highest common divisor of j and 248?
8
Suppose -49*d + 176 = -33*d. What is the highest common divisor of 3905 and d?
11
Suppose 94*z = 22*z + 13824. Calculate the highest common factor of 54 and z.
6
Let g be ((1 + -3)/(-7 - -9))/((-62)/3038). Calculate the highest common divisor of 2989 and g.
49
Let f = -9497 + 9650. What is the greatest common divisor of f and 72?
9
Suppose -6*l - 128 = 754. Let j = 151 + l. Suppose -3*z = 4*x - 52, -x - 3*x + 4*z = -24. What is the greatest common factor of x and j?
2
Let z(l) = -12*l - 177. Suppose -37 = 4*y + 5*u + 16, -2*u + 57 = -3*y. Let r be z(y). Calculate the highest common divisor of r and 99.
9
Let f(b) = b**3 + 8*b**2 - 38*b - 13. Let w be f(-11). Suppose 30 = 8*h - w. Let t be (19 + -1)*(2 + 0). Calculate the highest common divisor of h and t.
9
Let j(d) = -56*d + 14. Suppose 0 = 6*u + 8*u - 182. Suppose 13*p + u = -13. Let x be j(p). What is the greatest common divisor of x and 14?
14
Let b be ((-504)/48)/(2/(-108)). Let n be 3399/42 - (-2 + (-54)/(-28)). Calculate the highest common factor of n and b.
81
Suppose -1469 - 3802 = -21*n. Suppose 2*o + 3*u = n, 0 = -4*o - 22*u + 24*u + 526. Calculate the greatest common factor of 30 and o.
10
Suppose -4*w + 9 = 5, -4*x = -3*w - 81. Suppose -4 = 8*k - 4*k. Let u be (20/(-5))/k + 10. What is the highest common factor of x and u?
7
Suppose -51 + 204 = f. Let u be 8/(0 + 2) + -32. Let h be 2 + 7/(u/(-60)). What is the greatest common divisor of h and f?
17
Let